et y(i) = 7*i**3 + 5*i**2 - 14*i + 11. Let m(z) = 6*z**3 + 6*z**2 - 16*z + 13. Let p be 5 - (0 + 0) - (94 - 83). Let t(k) = p*m(k) + 7*y(k). What is t(-1)?
-13
Let v(t) = t + 5. Let p(s) = 6 + 8 + 10 - 26. Let d(q) = 4*p(q) + v(q). Determine d(2).
-1
Let u(g) = g + 3. Let f be u(0). Let k(r) = 35*r**2 + 2*r + 36. Let s(h) = -32*h**2 - 2*h - 33. Let v(t) = -11*k(t) - 12*s(t). Give v(f).
-3
Let x(m) = m**2 + m - 13. Let o(f) be the third derivative of f**5/30 + f**4/8 - f**3 + 4*f**2 - 10. Let u be o(-2). Give x(u).
-1
Let x(h) = 808*h**3 + 64368*h**2 + 64374*h**2 - 128737*h**2 - 809*h**3 + h - 2. Let u be (1 - 0)/((-2)/8). Let p(q) = -q + 1. Let j be p(u). Give x(j).
3
Suppose 63*m - 324 = 9*m. Let h(q) = 6*q - 14. Give h(m).
22
Suppose -8*o = 1293 - 1413. Let g(c) = -5*c + 28. Determine g(o).
-47
Let x(f) = 2*f - 14. Let n be -3 - ((-60)/(-10))/(6/(-9)). Calculate x(n).
-2
Let y be 1*(0 + 4) - -2. Let g(w) be the second derivative of w**3/6 + 7*w**2/2 + 75*w. Determine g(y).
13
Let m(q) = -q**3 + 12*q**2 + 2*q - 12. Let d be m(12). Suppose -4*x = -8*x + d. Let h(k) = 13 + 8*k**x - 4*k - 9*k**3 - 7 + 5*k**2 - 2*k. Give h(4).
-2
Let a(j) be the second derivative of 1 + 0*j**3 - 7/12*j**4 - 12*j - 1/20*j**5 + 3/2*j**2. Calculate a(-7).
3
Let j(k) = -3*k + k - 88 + k + 177 - 73. Calculate j(13).
3
Let w(j) = -8*j**3 + j**2 + j. Suppose 3*h - 2*h - 1000 = 9*h. Let a(u) = -17*u**3 + 3*u**2. Let y be a(2). Let l = h - y. Calculate w(l).
8
Let n be 25/(-9) - 8/36. Let b = -6 - n. Let l(f) = 15*f - 2. Let z(x) = -56*x + 8. Let c(y) = 15*l(y) + 4*z(y). Calculate c(b).
-1
Let b(q) = -79 + 181 - 92 - 2*q - 97. Calculate b(-41).
-5
Let v(k) = 75*k + 2*k**2 - 15*k + 8 - 43*k. Give v(-8).
0
Let t(m) be the third derivative of m**4/6 + m**3/2 + 675*m**2. What is t(2)?
11
Let a(r) = -r**2 - 8*r - 4. Suppose -6 = 3*d, 0*n - 4*d = -4*n + 28. Suppose n*g = -2 - 8. Let p = -5 + g. Give a(p).
3
Let u(g) = -10*g**3 - 6*g**2 + 6*g - 7. Let o(b) = 4*b**2 - 2 - 4*b + 15 + 7*b**3 - 8. Let x(p) = 7*o(p) + 5*u(p). Give x(2).
-12
Let j(r) be the third derivative of -r**5/30 - 5*r**4/6 + 2*r**3 + 3*r**2 - 135*r + 1. Give j(-11).
-10
Let h be (-3)/((45/243)/(-5)). Let k(y) = -3 + 19 + h*y + 0 - 96*y - y**2. Give k(-16).
0
Suppose 3*i = 4*i - 10. Let p(t) = 6460747*t + 42 - 6460748*t - 37. Determine p(i).
-5
Let b(w) = -2*w**2 - 11*w - 3. Suppose 12*o = 12 - 72. Let s be b(o). Let u(v) = -6*v - 2 - 1 - 1 - v**s. Determine u(-4).
4
Let j(r) = -r**3 + 6*r**2 - r + 7. Let m(z) = -z**2 - 52*z - 137. Let c be m(-49). Let o(u) = 5*u**3 - 50*u**2 - u + 16. Let p be o(c). What is j(p)?
1
Suppose -4*i + 4*s - 4 = 0, -65*s = -5*i - 68*s - 5. Let m(x) = -2*x**3 + 2*x**2. Calculate m(i).
4
Let q(m) = -3*m**2 - 6*m - 1. Let o be q(-2). Let a be o/(-1) + -2 + 11. Let u(z) = -4 + z**2 + a*z + 0*z**2 - 13*z. Determine u(5).
6
Let d be -11 + (-51)/(-323)*19. Let w(p) = 19*p + 156. What is w(d)?
4
Let h(m) be the third derivative of 1/2*m**3 - 1/120*m**6 - 1/12*m**5 + 2*m + 0 + 4*m**2 - 1/8*m**4. Determine h(-3).
-6
Let m(v) = -35*v + 39*v - 148291 + 148257. What is m(0)?
-34
Let t = 81 + -75. Let x be 8/6*-2*t/(-8). Suppose -x*o = 2*h, 0 = 4*h + 4*o - 2*o + 10. Let s(q) = -q - 6. Give s(h).
-1
Let m(i) be the second derivative of -i**3/3 - 9*i**2/2 - 44*i. Let b be m(-3). Let s(t) = t**2 + 3*t - 3. Calculate s(b).
-3
Let z(t) be the second derivative of -t**7/504 + t**4/6 + t**3/6 + 30*t. Let m(s) be the third derivative of z(s). Give m(-1).
-5
Let q(h) = -2*h - 39. Let s be q(-20). Let y(c) = -s + c - 2 - 4. Let l(j) = j**2 + 14*j + 5. Let z be l(-14). What is y(z)?
-2
Let h(k) = -k**2 - 17*k + 164. Let l(j) = j**2 + 18*j - 191. Let n(x) = -7*h(x) - 6*l(x). Calculate n(-13).
24
Let y be 7/(26*(-4)/16 + 6). Let l(u) = -u**2 - 7*u + 76. Determine l(y).
-22
Let n(k) = 7*k**2 - 114*k + 5. Let w(f) = 8*f**2 - 134*f + 6. Let j(t) = -7*n(t) + 6*w(t). Calculate j(0).
1
Let z(t) = -110*t + 16. Let i(a) = -290*a + 50. Let n(d) = 3*i(d) - 8*z(d). Calculate n(4).
62
Let y(i) be the third derivative of 1/3*i**3 + 1/3*i**4 + 1/60*i**5 + 44*i**2 + 0*i + 0. What is y(-10)?
22
Let t(x) = 7*x + 11. Let h(f) = -11*f - 17. Let b(k) = -5*h(k) - 8*t(k). Suppose 3 = 2*s - 5*s. Let j be 0/(-3 - (s - 0)). Give b(j).
-3
Let z be -2 - (-1 + 3 + -7). Let h(f) = 3*f**z + f**2 + 2*f + 3 + f**2 - 5*f - 2*f**3. What is h(-3)?
3
Let a(s) = s**2 + 8*s - 38. Suppose 0 = 9*f - 20*f + 44. Suppose -3*z - 2*k + 3*k - 36 = 0, 2*z + 10 = -f*k. What is a(z)?
-5
Let k = 49 + -4. Suppose 0 = -11*w + 2*w - k. Let x(r) = -r**2 + r + 7. Give x(w).
-23
Suppose -3*l = 3*q - 21, 6 = 3*q - 9. Let t(p) = 7 + 196*p - 2*p**l - 206*p + 3*p**2. Give t(9).
-2
Let y(a) = 10*a**3 + 28*a**2 + 21*a + 8. Let x(p) = 19*p**2 + 9*p + 6*p - p + 7*p**3 + 5. Let j be 1/8*-14*-4. Let d(c) = j*x(c) - 5*y(c). What is d(-6)?
1
Let d(x) = x**3 + 3*x**2 - 5*x - 1. Let v be d(-4). Suppose 24*i + 104 = 176. Let o(h) = -37*h + 1 + 76*h + 4*h**2 - 43*h - h**i. Calculate o(v).
-2
Let h(n) = -2*n - 1. Let c(g) = -15*g - 10. Let k(o) = -c(o) + 6*h(o). Give k(-16).
-44
Let s(v) = 3*v - 2. Let r(k) = -9*k + 7. Let q(g) = -17*g + 13. Let n(o) = 6*q(o) - 11*r(o). Let h(j) = -5*n(j) - 6*s(j). What is h(-5)?
22
Let z(y) = 17 + 1852*y**2 + 1839*y**2 - 3677*y**2 + 2*y**3 + y. Determine z(-7).
10
Let y(r) = -r**3 - 3*r**2 - 5*r - 8. Let z be y(-3). Let k(a) = -851*a - 850*a + 1700*a. Calculate k(z).
-7
Let z(y) = -26*y + 3*y**2 - 24*y + 70*y - 24*y - y**3. Suppose j - 5*i + 1 = -3*i, -5*i = -2*j - 4. Calculate z(j).
-12
Let a be 21*2/18*-6. Let c = a + 16. Let k(b) = -c*b**2 - 4 + 2*b**2 + b**2. Give k(-3).
5
Let d(g) = g**2 - 20*g + 20. Suppose 0 = -2*s - 5*a + 21, s - 9 = -4*a - 3. Determine d(s).
-16
Let w(u) = -u**3 - 57*u**2 - 21*u - 21. Let v(m) = 2*m**3 + 147*m**2 + 60*m + 62. Let p(f) = 3*v(f) + 8*w(f). What is p(-8)?
-14
Let d(k) = -k - 1. Let l(u) = u + 1. Let m = 46 + -42. Let b(c) = m*d(c) + 3*l(c). Determine b(-3).
2
Let k = -4074 + 4076. Let s(a) be the first derivative of a + 5/2*a**k - 16. What is s(-1)?
-4
Let z be (60/33)/((-28)/(-154)). Suppose l + 12 = -3*b, 3*b - 13 = 4*l - z. Let d(h) = h**3 + h**2 - 3*h - 4. What is d(l)?
-13
Let n(r) be the first derivative of -r**2/2 + 3*r - 10. Suppose 12*g = 61 + 35. Give n(g).
-5
Let t(m) = -19*m + 3*m**2 + 3 - 52 + 22*m - 8 - 15*m. Give t(7).
6
Let m = -10/649 - -669/1298. Let f(d) be the third derivative of -1/120*d**6 - 5/24*d**4 + 0 - 26*d**2 + 0*d + 1/12*d**5 + m*d**3. Give f(3).
6
Let h(q) = q**3 + 6 - 1 - 2 - 2*q**2 - 4*q. Let o(l) = -l**3 - 10*l**2 - 15*l + 14. Let d be o(-8). Suppose d = 2*f + 2*b - 3*b, 0 = -5*b. What is h(f)?
0
Suppose -1 = w, -4*w = -y - w + 6. Let m(s) = s**2 - s - 10. Let j be m(y). Let g(k) = 85 + 84 - 244 + 81 + k**2 + 5*k. Give g(j).
2
Suppose -5*i = -3*c - 39, 0 = 3*i - 5*c + c - 19. Let v be -6*(-33)/i - 3. Suppose -11*u = -14 - v. Let m(l) = -6*l - 3. Determine m(u).
-21
Let n = -15434 - -15438. Let w(p) = -19*p - 9. Give w(n).
-85
Let k(f) be the first derivative of -f**4/4 + 2*f**3/3 + 2*f**2 + 3*f + 4515. Let b(w) = -w**2 + 16*w + 22. Let u be b(17). What is k(u)?
-52
Let d(f) = 3*f**2 + 7*f + 5. Let t be ((-2)/(-8) + (-22)/(-40))/(824/(-2060)). Give d(t).
3
Suppose -4*a + 115*z - 116*z = -31, a + 22 = 4*z. Let f(w) = 5*w**2 - 29*w - 4. Determine f(a).
2
Suppose -130 = 80*a - 54*a. Let u be -6*6/90*a. Let f(r) = 5*r - 5. Give f(u).
5
Let y(v) = 16*v**3 + 12*v**2 - 23*v + 3. Let b(r) = 9*r**3 + 7*r**2 - 12*r + 2. Let d(w) = -7*b(w) + 4*y(w). What is d(-3)?
-14
Let w(d) be the third derivative of -d**6/120 - 2*d**5/15 - 7*d**4/24 - 9*d**3/2 - 24*d**2 - 93. Give w(-7).
-27
Let f(s) be the second derivative of 2*s**5/5 - s**4/4 + s**2 - 14820*s. Determine f(-1).
-9
Let w(m) = 70*m - 41. Let x(f) = -339*f + 209. Let h(q) = 19*w(q) + 4*x(q). Determine h(2).
5
Let x(t) = -36*t - t**3 + 32*t + 14 - 10 + 9*t**2. Suppose 0*c + 4*c = 12. Let f(g) = -g**3 + 10*g**2 - 3*g + 4. Let w(r) = c*x(r) - 2*f(r). What is w(6)?
4
Let d = 16571 + -16558. Let i(s) = -s**2 + 14*s - 8. Give i(d).
5
Let p(s) be the first derivative of -1/3*s**3 + 32 - 3*s**2 - 7*s. Calculate p(-6).
-7
Let r(x) = x - 1. Let k(u) = 3*u - 5. Let z(c) = 8*c - 37. Let w(j) = 4*j - 18. Let h(p) = -11*w(p) + 6*z(p). Let n be 